ivided by 187?
60
Calculate the remainder when 601318 is divided by 10734.
214
Calculate the remainder when 14754188 is divided by 55.
53
What is the remainder when 6308129 is divided by 206?
203
What is the remainder when 271745991 is divided by 54349197?
6
Calculate the remainder when 1176625 is divided by 234.
73
What is the remainder when 36743167 is divided by 154?
153
Calculate the remainder when 346230 is divided by 23079.
45
What is the remainder when 11537587 is divided by 1048849?
248
What is the remainder when 158916 is divided by 1589?
16
Calculate the remainder when 1475678 is divided by 113484.
386
Calculate the remainder when 322735 is divided by 3749.
321
What is the remainder when 746305 is divided by 215?
40
Calculate the remainder when 12558386 is divided by 144.
2
Calculate the remainder when 3758624 is divided by 8230.
5744
Calculate the remainder when 553931 is divided by 1601.
1586
Calculate the remainder when 42324 is divided by 3594.
2790
Calculate the remainder when 338666 is divided by 429.
185
Calculate the remainder when 44887230 is divided by 1282492.
10
Calculate the remainder when 5438895 is divided by 656.
655
Calculate the remainder when 114982 is divided by 7661.
67
What is the remainder when 19389 is divided by 9616?
157
Calculate the remainder when 10886 is divided by 3617.
35
What is the remainder when 768062 is divided by 8819?
809
What is the remainder when 172888 is divided by 32?
24
Calculate the remainder when 32675 is divided by 31008.
1667
Calculate the remainder when 1469785 is divided by 5.
0
What is the remainder when 202214 is divided by 6?
2
Calculate the remainder when 12002403 is divided by 3625.
28
What is the remainder when 443706 is divided by 443653?
53
What is the remainder when 97982239 is divided by 190?
189
Calculate the remainder when 53559347 is divided by 962.
959
What is the remainder when 205700 is divided by 388?
60
Calculate the remainder when 419332 is divided by 332.
16
What is the remainder when 2946790 is divided by 20?
10
Calculate the remainder when 305252 is divided by 21802.
24
What is the remainder when 149057 is divided by 5962?
7
What is the remainder when 48197960 is divided by 12?
8
What is the remainder when 307324 is divided by 153553?
218
Calculate the remainder when 118781196 is divided by 417.
414
Calculate the remainder when 8854365 is divided by 983818.
3
Calculate the remainder when 62796456 is divided by 3637.
14
What is the remainder when 956778 is divided by 1115?
108
What is the remainder when 539645 is divided by 962?
925
Calculate the remainder when 7590376 is divided by 291.
223
Calculate the remainder when 1864857 is divided by 33.
27
Calculate the remainder when 24664609 is divided by 6166150.
9
What is the remainder when 74963903 is divided by 7496390?
3
What is the remainder when 16339355 is divided by 1925?
1880
What is the remainder when 292504868 is divided by 543?
542
Calculate the remainder when 1152668 is divided by 36018.
92
Calculate the remainder when 4425399 is divided by 178.
141
What is the remainder when 94727 is divided by 1828?
1499
What is the remainder when 20123541 is divided by 158?
29
What is the remainder when 1345810 is divided by 2292?
406
Calculate the remainder when 2419114 is divided by 29501.
32
What is the remainder when 65247 is divided by 13047?
12
What is the remainder when 11499117 is divided by 534?
495
What is the remainder when 398401 is divided by 1096?
553
Calculate the remainder when 17360 is divided by 945.
350
What is the remainder when 61341619 is divided by 61341618?
1
Calculate the remainder when 136845 is divided by 4714.
139
What is the remainder when 344899 is divided by 468?
451
Calculate the remainder when 52978235 is divided by 17.
13
Calculate the remainder when 497113 is divided by 165529.
526
Calculate the remainder when 2964915 is divided by 988300.
15
What is the remainder when 121941536 is divided by 713?
711
What is the remainder when 44614 is divided by 41489?
3125
What is the remainder when 88792 is divided by 621?
610
What is the remainder when 620775 is divided by 544?
71
Calculate the remainder when 1576636 is divided by 56299.
264
Calculate the remainder when 17483027 is divided by 39644.
23
Calculate the remainder when 1899689 is divided by 51342.
35
What is the remainder when 6616474 is divided by 2205478?
40
Calculate the remainder when 8469288 is divided by 1693855.
13
Calculate the remainder when 100789 is divided by 10565.
5704
What is the remainder when 2087141 is divided by 4567?
22
Calculate the remainder when 11470043 is divided by 718.
711
Calculate the remainder when 389812 is divided by 6789.
2839
Calculate the remainder when 6157423 is divided by 6157410.
13
Calculate the remainder when 16264 is divided by 4645.
2329
What is the remainder when 900117 is divided by 300035?
12
What is the remainder when 4991070 is divided by 26406?
336
What is the remainder when 22111 is divided by 6824?
1639
Calculate the remainder when 153596 is divided by 3526.
1978
Calculate the remainder when 55337 is divided by 54532.
805
What is the remainder when 22382 is divided by 1617?
1361
What is the remainder when 317226 is divided by 158257?
712
Calculate the remainder when 17574690 is divided by 7188.
30
What is the remainder when 242968 is divided by 80970?
58
Calculate the remainder when 713288684 is divided by 7012.
7008
Calculate the remainder when 871185 is divided by 72598.
9
What is the remainder when 2951963 is divided by 588?
203
Calculate the remainder when 1628306 is divided by 787.
3
Calculate the remainder when 30651124 is divided by 1056933.
67
Calculate the remainder when 5455628 is divided by 1147.
496
What is the remainder when 1285048 is divided by 938?
926
What is the remainder when 6456 is divided by 525?
156
What is the remainder when 115354 is divided by 228?
214
Calculate the remainder when 2623683 is divided by 21.
6
What is the remainder when 633353 is divided by 3151?
2
Calculate the remainder when 4964885 is divided by 1644.
5
What is the remainder when 82810 is divided by 10221?
1042
What is the remainder when 2486455 is divided by 621556?
231
Calculate the remainder when 53980757 is divided by 2342.
2341
Calculate the remainder when 2428285 is divided by 303533.
21
What is the remainder when 35821 is divided by 32319?
3502
What is the remainder when 127889300 is divided by 3653980?
0
Calculate the remainder when 2955558 is divided by 591091.
103
What is the remainder when 22065355 is divided by 3677555?
25
What is the remainder when 22614 is divided by 4147?
1879
Calculate the remainder when 7975592 is divided by 72.
8
Calculate the remainder when 1977694 is divided by 392.
54
What is the remainder when 872477 is divided by 6816?
29
What is the remainder when 4440918 is divided by 65?
53
Calculate the remainder when 26083 is divided by 3470.
1793
What is the remainder when 1421582 is divided by 651?
449
What is the remainder when 7239227 is divided by 228?
227
What is the remainder when 997924 is divided by 205?
189
Calculate the remainder when 25911 is divided by 267.
12
Calculate the remainder when 642311 is divided by 4978.
149
What is the remainder when 5300513 is divided by 628?
193
What is the remainder when 34947 is divided by 2042?
233
Calculate the remainder when 719798 is divided by 7.
2
What is the remainder when 72718803 is divided by 4?
3
What is the remainder when 610310 is divided by 4328?
62
What is the remainder when 291737 is divided by 593?
574
What is the remainder when 24472248 is divided by 11?
9
Calculate the remainder when 8802 is divided by 477.
216
Calculate the remainder when 293991 is divided by 41944.
383
What is the remainder when 14945280 is divided by 229?
53
What is the remainder when 22099906 is divided by 982?
978
Calculate the remainder when 920748 is divided by 76728.
12
What is the remainder when 294111 is divided by 97890?
441
Calculate the remainder when 135640307 is divided by 6199.
6187
What is the remainder when 72954243 is divided by 6447?
6438
Calculate the remainder when 261432 is divided by 28099.
8541
What is the remainder when 2159039 is divided by 60?
59
Calculate the remainder when 37480 is divided by 4616.
